 17, 136691
What are the prime factors of 76703279?
76703279
What are the prime factors of 938691373?
67, 131, 106949
List the prime factors of 8180695220.
2, 5, 53, 337, 22901
List the prime factors of 1830504762.
2, 3, 157, 463, 1399
What are the prime factors of 80056355?
5, 127, 139, 907
List the prime factors of 167305707.
3, 41, 73, 6211
What are the prime factors of 3576006225?
3, 5, 11, 59, 907
What are the prime factors of 85033860?
2, 3, 5, 71, 19961
What are the prime factors of 8355153119?
19, 167, 2633203
What are the prime factors of 39860483?
13, 193, 15887
List the prime factors of 114535026.
2, 3, 67, 31657
What are the prime factors of 139430271?
3, 6599, 7043
What are the prime factors of 2060081446?
2, 101, 10198423
What are the prime factors of 100556224?
2, 17, 29, 3187
List the prime factors of 1739456255.
5, 347891251
List the prime factors of 149486514.
2, 3, 67, 371857
List the prime factors of 1757490146.
2, 139, 6321907
What are the prime factors of 4830360?
2, 3, 5, 40253
What are the prime factors of 57232234?
2, 17, 23, 163, 449
What are the prime factors of 316139529?
3, 105379843
List the prime factors of 1530679650.
2, 3, 5, 41, 248891
List the prime factors of 157171132.
2, 79, 353, 1409
What are the prime factors of 1766178519?
3, 7, 53, 751, 2113
List the prime factors of 235428423.
3, 78476141
What are the prime factors of 42033359?
331, 126989
List the prime factors of 488528163.
3, 31, 137, 12781
List the prime factors of 26456464.
2, 113, 14633
List the prime factors of 1683556874.
2, 523, 1609519
List the prime factors of 43381247.
7, 13, 277, 1721
What are the prime factors of 192843968?
2, 29, 103903
What are the prime factors of 539669615?
5, 107933923
List the prime factors of 53662275.
3, 5, 238499
List the prime factors of 600424138.
2, 71, 337, 12547
What are the prime factors of 30177958?
2, 17, 109, 479
What are the prime factors of 330658611?
3, 110219537
List the prime factors of 22171128.
2, 3, 7, 17, 1109
List the prime factors of 7724409707.
7, 103, 10713467
What are the prime factors of 53409865?
5, 10681973
What are the prime factors of 220109820?
2, 3, 5, 7, 524071
List the prime factors of 35248343.
13, 2711411
List the prime factors of 1842011740.
2, 5, 101, 571, 1597
What are the prime factors of 809351704?
2, 7, 97, 148997
What are the prime factors of 75107162?
2, 13, 41, 70457
What are the prime factors of 8110565920?
2, 5, 547, 92671
What are the prime factors of 548652519?
3, 60961391
What are the prime factors of 55540382?
2, 19, 193, 7573
What are the prime factors of 19800?
2, 3, 5, 11
List the prime factors of 3481408299.
3, 47, 113, 4649
What are the prime factors of 68589367?
7, 11, 53
List the prime factors of 309067312.
2, 19316707
List the prime factors of 120825761.
7, 739, 23357
List the prime factors of 1607926289.
569, 757, 3733
List the prime factors of 2638712830.
2, 5, 13, 1097, 18503
List the prime factors of 3414243893.
19, 523, 343589
What are the prime factors of 694811075?
5, 7, 3970349
List the prime factors of 2450936950.
2, 5, 7, 11, 41, 15527
List the prime factors of 2206687884.
2, 3, 227, 810091
List the prime factors of 15825269.
15825269
What are the prime factors of 9660084?
2, 3, 7, 115001
What are the prime factors of 3671071?
3671071
List the prime factors of 80923173.
3, 71, 5351
List the prime factors of 4334022.
2, 3, 7, 11, 53, 59
What are the prime factors of 848942642?
2, 97, 4375993
List the prime factors of 662338808.
2, 31, 2670721
List the prime factors of 220970914.
2, 31, 61, 58427
What are the prime factors of 113378691?
3, 241, 156817
List the prime factors of 50746057.
50746057
What are the prime factors of 754644302?
2, 377322151
What are the prime factors of 340870919?
340870919
What are the prime factors of 74462011?
13, 241, 23767
List the prime factors of 113959361.
3797, 30013
List the prime factors of 711829670.
2, 5, 71, 1002577
List the prime factors of 240132641.
7, 137, 241, 1039
List the prime factors of 1369037192.
2, 83, 24841
List the prime factors of 730057465.
5, 1567, 93179
List the prime factors of 435197846.
2, 217598923
List the prime factors of 1485099898.
2, 2383, 311603
List the prime factors of 777764767.
13, 3191, 18749
What are the prime factors of 1447837174?
2, 7, 307, 336863
What are the prime factors of 165599507?
53, 3124519
List the prime factors of 249984870.
2, 3, 5, 8332829
List the prime factors of 55958210.
2, 5, 7, 11, 72673
What are the prime factors of 1144744901?
73, 15681437
What are the prime factors of 66388930?
2, 5, 6638893
What are the prime factors of 4797784602?
2, 3, 13, 525727
What are the prime factors of 21592651?
1667, 12953
What are the prime factors of 2206608858?
2, 3, 71, 137, 4201
What are the prime factors of 2844226425?
3, 5, 3037, 12487
List the prime factors of 2295189019.
311, 439, 16811
What are the prime factors of 4484762469?
3, 11, 17, 271, 9833
List the prime factors of 60598938.
2, 3, 10099823
What are the prime factors of 636993509?
103, 6184403
What are the prime factors of 553957565?
5, 7, 29, 179, 3049
List the prime factors of 47652879.
3, 67, 79, 3001
What are the prime factors of 413327395?
5, 13, 43, 147881
What are the prime factors of 62715416?
2, 7839427
List the prime factors of 671848002.
2, 3, 7, 5332127
List the prime factors of 44406464.
2, 693851
What are the prime factors of 315071747?
29, 103, 313, 337
What are the prime factors of 53485890?
2, 3, 5, 1782863
List the prime factors of 20067917.
20067917
List the prime factors of 468186659.
379, 1235321
List the prime factors of 24776325.
3, 5, 7, 15731
List the prime factors of 98828974.
2, 49414487
List the prime factors of 1099546269.
3, 709, 516947
What are the prime factors of 655385905?
5, 19, 6898799
What are the prime factors of 1494639108?
2, 3, 13839251
List the prime factors of 230993732.
2, 59, 167, 5861
List the prime factors of 5643593948.
2, 10069, 140123
List the prime factors of 76570197.
3, 11, 23, 79, 1277
What are the prime factors of 390862?
2, 23, 29, 293
What are the prime factors of 179528433?
3, 7, 769, 11117
What are the prime factors of 2190993055?
5, 41, 577, 18523
What are the prime factors of 22035790?
2, 5, 7, 44971
What are the prime factors of 214055643?
3, 1777, 40153
What are the prime factors of 1308438452?
2, 31, 47, 347, 647
List the prime factors of 6113777190.
2, 3, 5, 203792573
What are the prime factors of 1434811855?
5, 59, 4863769
What are the prime factors of 433727008?
2, 11, 13, 23, 317
List the prime factors of 2047043742.
2, 3, 71, 4805267
List the prime factors of 3601377694.
2, 31, 58086737
What are the prime factors of 4479028617?
3, 7, 9311, 22907
What are the prime factors of 2779199427?
3, 29, 31944821
List the prime factors of 3100529231.
19, 163185749
What are the prime factors of 24475307?
443, 55249
What are the prime factors of 1577458377?
3, 11, 131, 121633
What are the prime factors of 701276717?
181, 409, 9473
What are the prime factors of 4654066341?
3, 21851, 70997
List the prime factors of 1201987086.
2, 3, 2531, 79151
List the prime factors of 1898583183.
3, 7, 37, 814493
List the prime factors of 249062876.
2, 499, 124781
What are the prime factors of 18158109?
3, 23, 97, 2713
List the prime factors of 163821852.
2, 3, 168541
What are the prime factors of 1357486968?
2, 3, 137, 181, 2281
List the prime factors of 3216197766.
2, 3, 97, 5526113
List the prime factors of 1883378278.
2, 31, 103, 294923
List the prime factors of 303344172.
2, 3, 8426227
What are the prime factors of 367864931?
7, 52552133
What are the prime factors of 96283849?
19, 89, 97, 587
What are the prime factors of 411912448?
2, 17, 94649
What are the prime factors of 620836816?
2, 38802301
What are the prime factors of 27160566?
2, 3, 2011, 2251
What are the prime factors of 232229720?
2, 5, 5805743
List the prime factors of 85086022.
2, 7, 6077573
What are the prime factors of 176664295?
5, 35332859
List the prime factors of 269933873.
11, 41, 487, 1229
List the prime factors of 74650660.
2, 5, 7, 533219
What are the prime factors of 15325311?
3, 29, 176153
List the prime factors of 82094975.
5, 31, 105929
What are the prime factors of 180199622?
2, 1